{"id":112,"date":"2025-01-23T19:54:18","date_gmt":"2025-01-23T18:54:18","guid":{"rendered":"https:\/\/clientes.gutix.es\/historias\/?page_id=112"},"modified":"2025-03-06T13:40:02","modified_gmt":"2025-03-06T12:40:02","slug":"presentacion","status":"publish","type":"page","link":"https:\/\/puertoreal.es\/webs\/historiasdedignidad\/presentacion\/","title":{"rendered":"Presentaci\u00f3n"},"content":{"rendered":"\t\t<div data-elementor-type=\"wp-page\" data-elementor-id=\"112\" class=\"elementor elementor-112\">\n\t\t\t\t<div class=\"elementor-element elementor-element-725219f3 e-flex e-con-boxed e-con e-parent\" data-id=\"725219f3\" data-element_type=\"container\" data-e-type=\"container\" data-settings=\"{&quot;background_background&quot;:&quot;classic&quot;}\">\n\t\t\t\t\t<div class=\"e-con-inner\">\n\t\t\t\t<div class=\"elementor-element elementor-element-b3f8709 elementor-widget elementor-widget-heading\" data-id=\"b3f8709\" data-element_type=\"widget\" data-e-type=\"widget\" data-widget_type=\"heading.default\">\n\t\t\t\t<div class=\"elementor-widget-container\">\n\t\t\t\t\t<h2 class=\"elementor-heading-title elementor-size-default\">Historias de Dignidad<\/h2>\t\t\t\t<\/div>\n\t\t\t\t<\/div>\n\t\t\t\t<div class=\"elementor-element elementor-element-be3e87a elementor-widget elementor-widget-image\" data-id=\"be3e87a\" data-element_type=\"widget\" data-e-type=\"widget\" data-widget_type=\"image.default\">\n\t\t\t\t<div class=\"elementor-widget-container\">\n\t\t\t\t\t\t\t\t\t\t\t\t\t\t\t<img fetchpriority=\"high\" decoding=\"async\" width=\"944\" height=\"229\" src=\"https:\/\/puertoreal.es\/webs\/historiasdedignidad\/wp-content\/uploads\/2025\/01\/papeles.jpg\" class=\"attachment-large size-large wp-image-108\" alt=\"\" srcset=\"https:\/\/puertoreal.es\/webs\/historiasdedignidad\/wp-content\/uploads\/2025\/01\/papeles.jpg 944w, https:\/\/puertoreal.es\/webs\/historiasdedignidad\/wp-content\/uploads\/2025\/01\/papeles-300x73.jpg 300w, https:\/\/puertoreal.es\/webs\/historiasdedignidad\/wp-content\/uploads\/2025\/01\/papeles-768x186.jpg 768w\" sizes=\"(max-width: 944px) 100vw, 944px\" \/>\t\t\t\t\t\t\t\t\t\t\t\t\t\t\t<\/div>\n\t\t\t\t<\/div>\n\t\t\t\t<div class=\"elementor-element elementor-element-c90a071 elementor-widget elementor-widget-text-editor\" data-id=\"c90a071\" data-element_type=\"widget\" data-e-type=\"widget\" data-widget_type=\"text-editor.default\">\n\t\t\t\t<div class=\"elementor-widget-container\">\n\t\t\t\t\t\t\t\t\t<p>Mediante la presente Ley, como pol\u00edtica p\u00fablica, se pretende el fomento de los valores y principios democr\u00e1ticos, facilitando el conocimiento de los hechos y circunstancias acaecidos durante la Guerra civil y la Dictadura, y asegurando la preservaci\u00f3n de los documentos relacionados con ese per\u00edodo hist\u00f3rico y depositados en archivos p\u00fablicos.<br \/><span style=\"color: #bfbfbf;\">(Ley 52\/2007 de la Memoria Hist\u00f3rica de 26 de diciembre de 2007)<\/span><\/p>\t\t\t\t\t\t\t\t<\/div>\n\t\t\t\t<\/div>\n\t\t<div class=\"elementor-element elementor-element-2eb4bc3 e-grid e-con-full e-con e-child\" data-id=\"2eb4bc3\" data-element_type=\"container\" data-e-type=\"container\">\n\t\t\t\t<div class=\"elementor-element elementor-element-1b6089d elementor-widget elementor-widget-text-editor\" data-id=\"1b6089d\" data-element_type=\"widget\" data-e-type=\"widget\" data-widget_type=\"text-editor.default\">\n\t\t\t\t<div class=\"elementor-widget-container\">\n\t\t\t\t\t\t\t\t\t<p>Con este trabajo se sigue la l\u00ednea de difusi\u00f3n que el Archivo Municipal lleva realizando, hace ya muchos a\u00f1os, con el fondo documental del mismo. La oportunidad de la digitalizaci\u00f3n y el espacio que nos abre la p\u00e1gina Web municipal han colaborado a hacer m\u00e1s pr\u00f3ximos sus documentos y, por tanto, al conocimiento de la historia local a trav\u00e9s de sus contenidos.<\/p><p>En esta ocasi\u00f3n es, tambi\u00e9n, un homenaje a los hombres y mujeres que sufrieron la represi\u00f3n que sigui\u00f3 a partir del golpe de estado contra la segunda Rep\u00fablica.<\/p><p>Del 17 al 20 de julio de 1936 se producen los pronunciamientos contra la Rep\u00fablica. En la noche del 19 de julio los sublevados toman el Ayuntamiento de Puerto Real con fuerzas de infanter\u00eda de marina despu\u00e9s de los intentos de resistencia. La maquinaria de represi\u00f3n comenz\u00f3 a funcionar desde el primer momento del golpe; detr\u00e1s de las detenciones de los concejales llegaron las de otros hombres y mujeres comprometidos con la Rep\u00fablica, fundamentalmente con el Frente Popular: republicanos, marxistas, anarquistas, masones, sindicalistas, &#8230;<\/p><p>Fueron tantos los detenidos en los primeros d\u00edas, que hubo que adaptar un almac\u00e9n como dep\u00f3sito carcelario (la c\u00e1rcel de Rosales), ya que la municipal resultaba peque\u00f1a. En 1941, cuando se piden cifras de detenidos, oficialmente se hablaba de 195 pero fueron bastantes m\u00e1s. Por otra parte, en Puerto Real estuvo alojado el campo de prisioneros \u201cCoto de la Trasatl\u00e1ntica\u201d, al que ellos mismos llamaron campo de concentraci\u00f3n. En 1939 lleg\u00f3 a tener 5.300 reclusos y algunos puertorreale\u00f1os ingresaron en \u00e9l.<\/p><p>Con las detenciones llegaron la incautaci\u00f3n de documentos de las organizaciones para conocer a los militantes, por medio de actas o listas de afiliados, la clausura de locales y un proceso de violencia que llev\u00f3 a muchas personas a la muerte (a los concejales siguieron l\u00edderes sindicales y pol\u00edticos) mediante el asesinato no reconocido nunca; estas personas \u201cdesaparecieron\u201d, no se inscribieron en los libros de enterramiento del cementerio y solo algunos, posteriormente, consiguieron ser inscritos en la secci\u00f3n tercera del Registro Civil como difuntos.<\/p><p>Enseguida llegaron los procesos de tribunales militares con peticiones de informes de conducta moral y pol\u00edtica a los Ayuntamientos, a la Falange local o a la comandancia militar.<\/p><p>Se inici\u00f3 la depuraci\u00f3n de trabajadores municipales y otros cuerpos de funcionarios, sanitarios, educadores, \u2026 Se destituyen a guardias municipales, guardas rurales, agentes de arbitrio, a quienes, despu\u00e9s de la c\u00e1rcel o abierto expedientes en los juicios, se destierran a otras localidades.<\/p>\t\t\t\t\t\t\t\t<\/div>\n\t\t\t\t<\/div>\n\t\t\t\t<div class=\"elementor-element elementor-element-26d69e9 elementor-widget elementor-widget-text-editor\" data-id=\"26d69e9\" data-element_type=\"widget\" data-e-type=\"widget\" data-widget_type=\"text-editor.default\">\n\t\t\t\t<div class=\"elementor-widget-container\">\n\t\t\t\t\t\t\t\t\t<p>Se crea tambi\u00e9n el Juzgado de incautaci\u00f3n y confiscaci\u00f3n que se dedica a confiscar bienes de encarcelados o asesinados.<\/p><p>Justific\u00e1ndolo en una situaci\u00f3n de guerra, crearon un aparato represor que perdur\u00f3 despu\u00e9s de terminada \u00e9sta.<\/p><p>Hace unos veinte a\u00f1os se comenz\u00f3 en el Archivo Municipal una l\u00ednea de investigaci\u00f3n por parte de un grupo de cenetistas que tuvo, junto con la investigaci\u00f3n en otros archivos, un magn\u00edfico resultado, como fue sacar a la luz los nombres de hombres y mujeres que sufrieron todo tipo de persecuciones y tratarlos con el respeto que se merec\u00edan, despu\u00e9s de a\u00f1os de silencio. Posteriormente se cre\u00f3 la Plataforma para la Memoria Hist\u00f3rica, se han realizado publicaciones, actos y otras actividades, y en la actualidad se est\u00e1n llevando a cabo las labores de localizaci\u00f3n de muchos de los restos de estas personas a las que denominaron en los documentos \u201cdesaparecidos\u201d.<\/p><p>Para elaborar esta p\u00e1gina se han seleccionado y digitalizado m\u00e1s de 4.500 im\u00e1genes, ya que los investigados fueron cientos de personas, pues era el sistema natural de un nuevo orden que pretend\u00eda eliminar cualquier tipo de disidencia, pero s\u00f3lo se han subido a la Web las copias digitales cuyos contenidos muestran la violencia directa por el encarcelamiento, el destierro, la depuraci\u00f3n profesional, la incautaci\u00f3n de bienes o el asesinato de alguna persona. Es un trabajo abierto al que se seguir\u00e1 a\u00f1adiendo im\u00e1genes que colaboren a ampliar la informaci\u00f3n que se conservan en el Archivo Municipal sobre estos ciudadanos y ciudadanas.<\/p><p>La p\u00e1gina ofrece un sistema de b\u00fasqueda para obtener los documentos a trav\u00e9s de nombres y apellidos y, para mayor facilidad, una relaci\u00f3n de los mismos.<\/p><p>Agradecer la cooperaci\u00f3n del Departamento de inform\u00e1tica del Ayuntamiento y de las trabajadoras Margarita Fern\u00e1ndez Gonz\u00e1lez, Luz Mar\u00eda Oliva Corrales y Paula Rodr\u00edguez Romero, integrantes del Programa Emple@ joven, iniciativa de cooperaci\u00f3n social y comunitaria para el impulso del empleo joven de la Junta de Andaluc\u00eda.<\/p><p>Como se recoge entre las conclusiones de las Jornadas, coorganizadas por la Federaci\u00f3n Espa\u00f1ola de Asociaciones de Archiveros, Bibliotecarios, Arque\u00f3logos, Muse\u00f3logos y Documentalistas (ANABAD) en abril de 2014 sobre el papel de los archivos en la defensa de los derechos humanos y la memoria hist\u00f3rica \u201cLos archivos son la primera plataforma para el conocimiento de la verdad, protegen los derechos de los ciudadanos, garantizan la seguridad y la transparencia de las administraciones, y la salvaguarda de la memoria individual y colectiva\u201d.<\/p><p style=\"text-align: right;\"><strong>ARCHIVO<\/strong> MUNICIPAL<\/p>\t\t\t\t\t\t\t\t<\/div>\n\t\t\t\t<\/div>\n\t\t\t\t<\/div>\n\t\t\t\t\t<\/div>\n\t\t\t\t<\/div>\n\t\t\t\t<\/div>\n\t\t","protected":false},"excerpt":{"rendered":"<p>Historias de Dignidad Mediante la presente Ley, como pol\u00edtica p\u00fablica, se pretende el fomento de los valores y principios democr\u00e1ticos, facilitando el conocimiento de los hechos y circunstancias acaecidos durante la Guerra civil y la Dictadura, y asegurando la preservaci\u00f3n de los documentos relacionados con ese per\u00edodo hist\u00f3rico y depositados en archivos p\u00fablicos.(Ley 52\/2007 de [&hellip;]<\/p>\n","protected":false},"author":1,"featured_media":0,"parent":0,"menu_order":0,"comment_status":"closed","ping_status":"closed","template":"","meta":{"site-sidebar-layout":"no-sidebar","site-content-layout":"","ast-site-content-layout":"full-width-container","site-content-style":"default","site-sidebar-style":"default","ast-global-header-display":"","ast-banner-title-visibility":"","ast-main-header-display":"","ast-hfb-above-header-display":"","ast-hfb-below-header-display":"","ast-hfb-mobile-header-display":"","site-post-title":"disabled","ast-breadcrumbs-content":"","ast-featured-img":"disabled","footer-sml-layout":"","ast-disable-related-posts":"","theme-transparent-header-meta":"","adv-header-id-meta":"","stick-header-meta":"","header-above-stick-meta":"","header-main-stick-meta":"","header-below-stick-meta":"","astra-migrate-meta-layouts":"default","ast-page-background-enabled":"default","ast-page-background-meta":{"desktop":{"background-color":"var(--ast-global-color-5)","background-image":"","background-repeat":"repeat","background-position":"center center","background-size":"auto","background-attachment":"scroll","background-type":"","background-media":"","overlay-type":"","overlay-color":"","overlay-opacity":"","overlay-gradient":""},"tablet":{"background-color":"","background-image":"","background-repeat":"repeat","background-position":"center center","background-size":"auto","background-attachment":"scroll","background-type":"","background-media":"","overlay-type":"","overlay-color":"","overlay-opacity":"","overlay-gradient":""},"mobile":{"background-color":"","background-image":"","background-repeat":"repeat","background-position":"center center","background-size":"auto","background-attachment":"scroll","background-type":"","background-media":"","overlay-type":"","overlay-color":"","overlay-opacity":"","overlay-gradient":""}},"ast-content-background-meta":{"desktop":{"background-color":"var(--ast-global-color-4)","background-image":"","background-repeat":"repeat","background-position":"center center","background-size":"auto","background-attachment":"scroll","background-type":"","background-media":"","overlay-type":"","overlay-color":"","overlay-opacity":"","overlay-gradient":""},"tablet":{"background-color":"var(--ast-global-color-4)","background-image":"","background-repeat":"repeat","background-position":"center center","background-size":"auto","background-attachment":"scroll","background-type":"","background-media":"","overlay-type":"","overlay-color":"","overlay-opacity":"","overlay-gradient":""},"mobile":{"background-color":"var(--ast-global-color-4)","background-image":"","background-repeat":"repeat","background-position":"center center","background-size":"auto","background-attachment":"scroll","background-type":"","background-media":"","overlay-type":"","overlay-color":"","overlay-opacity":"","overlay-gradient":""}},"footnotes":""},"class_list":["post-112","page","type-page","status-publish","hentry"],"_links":{"self":[{"href":"https:\/\/puertoreal.es\/webs\/historiasdedignidad\/wp-json\/wp\/v2\/pages\/112","targetHints":{"allow":["GET"]}}],"collection":[{"href":"https:\/\/puertoreal.es\/webs\/historiasdedignidad\/wp-json\/wp\/v2\/pages"}],"about":[{"href":"https:\/\/puertoreal.es\/webs\/historiasdedignidad\/wp-json\/wp\/v2\/types\/page"}],"author":[{"embeddable":true,"href":"https:\/\/puertoreal.es\/webs\/historiasdedignidad\/wp-json\/wp\/v2\/users\/1"}],"replies":[{"embeddable":true,"href":"https:\/\/puertoreal.es\/webs\/historiasdedignidad\/wp-json\/wp\/v2\/comments?post=112"}],"version-history":[{"count":40,"href":"https:\/\/puertoreal.es\/webs\/historiasdedignidad\/wp-json\/wp\/v2\/pages\/112\/revisions"}],"predecessor-version":[{"id":2979,"href":"https:\/\/puertoreal.es\/webs\/historiasdedignidad\/wp-json\/wp\/v2\/pages\/112\/revisions\/2979"}],"wp:attachment":[{"href":"https:\/\/puertoreal.es\/webs\/historiasdedignidad\/wp-json\/wp\/v2\/media?parent=112"}],"curies":[{"name":"wp","href":"https:\/\/api.w.org\/{rel}","templated":true}]}}