{"id":725,"date":"2025-05-20T11:40:38","date_gmt":"2025-05-20T11:40:38","guid":{"rendered":"https:\/\/puertoreal.es\/webs\/edificiosyportadas\/?page_id=725"},"modified":"2025-06-04T07:19:12","modified_gmt":"2025-06-04T07:19:12","slug":"plano","status":"publish","type":"page","link":"https:\/\/puertoreal.es\/webs\/edificiosyportadas\/index.php\/plano\/","title":{"rendered":"Plano"},"content":{"rendered":"\t\t<div data-elementor-type=\"wp-page\" data-elementor-id=\"725\" class=\"elementor elementor-725\">\n\t\t\t\t<div class=\"elementor-element elementor-element-718552e e-flex e-con-boxed e-con e-parent\" data-id=\"718552e\" data-element_type=\"container\" data-e-type=\"container\">\n\t\t\t\t\t<div class=\"e-con-inner\">\n\t\t<div class=\"elementor-element elementor-element-79d1f50 e-con-full e-flex e-con e-child\" data-id=\"79d1f50\" data-element_type=\"container\" data-e-type=\"container\">\n\t\t\t\t<div class=\"elementor-element elementor-element-0afd0b2 elementor-widget__width-inherit animated-fast elementor-widget-tablet__width-initial elementor-invisible elementor-widget elementor-widget-text-editor\" data-id=\"0afd0b2\" data-element_type=\"widget\" data-e-type=\"widget\" data-settings=\"{&quot;_animation&quot;:&quot;fadeInDown&quot;}\" data-widget_type=\"text-editor.default\">\n\t\t\t\t<div class=\"elementor-widget-container\">\n\t\t\t\t\t\t\t\t\t<p>El Casco Hist\u00f3rico de <strong>Puerto Real<\/strong> es declarado Conjunto Hist\u00f3rico Art\u00edstico por Real Decreto 631\/1984 del Ministerio de Cultura, protegido como <strong>Bien de Inter\u00e9s Cultural<\/strong> e inscrito en el Cat\u00e1logo de Patrimonio Hist\u00f3rico de Andaluc\u00eda.<\/p><p>A pesar de las muchas vicisitudes que nuestra villa ha sufrido a lo largo de su extensa vida, las reconstrucciones llevadas a cabo sostuvieron los principios urban\u00edsticos desde la fundaci\u00f3n por los <strong>Reyes Cat\u00f3licos<\/strong> hasta nuestros d\u00edas, trazado en cuadr\u00edcula , calles \u201ctiradas a cordel\u201d que nos imprimen un encanto especial.<\/p><p>Pasear por nuestras calles, contemplar los edificios que nos rodean o volver a fijar la vista en elementos singulares de nuestro entorno, a trav\u00e9s de planos y fotograf\u00edas, es lo que pretendemos con esta nuevo recurso que hoy presentamos.<\/p><p>Todos los planos utilizados comprenden las d\u00e9cadas de los <strong>40 a los 60<\/strong> del siglo pasado. Planos de fachadas <strong>fusionados con fotograf\u00edas de los a\u00f1os 80 y actuales<\/strong>, que nos permiten ver como el espacio urbano puede cambiar sin perder de vista nuestra esencia. Esto no es m\u00e1s que el comienzo del paseo.<\/p>\t\t\t\t\t\t\t\t<\/div>\n\t\t\t\t<\/div>\n\t\t\t\t<\/div>\n\t\t<div class=\"elementor-element elementor-element-77089af e-con-full e-flex e-con e-child\" data-id=\"77089af\" data-element_type=\"container\" data-e-type=\"container\">\n\t\t<div class=\"elementor-element elementor-element-5edd8ca e-con-full e-flex e-con e-child\" data-id=\"5edd8ca\" data-element_type=\"container\" data-e-type=\"container\">\n\t\t\t\t<div class=\"elementor-element elementor-element-1ce107d elementor-widget elementor-widget-image\" data-id=\"1ce107d\" data-element_type=\"widget\" data-e-type=\"widget\" data-widget_type=\"image.default\">\n\t\t\t\t<div class=\"elementor-widget-container\">\n\t\t\t\t\t\t\t\t\t\t\t\t\t\t\t<img decoding=\"async\" width=\"310\" height=\"86\" src=\"https:\/\/puertoreal.es\/webs\/edificiosyportadas\/wp-content\/uploads\/2025\/06\/Localizaciones.png\" class=\"attachment-large size-large wp-image-770\" alt=\"\" srcset=\"https:\/\/puertoreal.es\/webs\/edificiosyportadas\/wp-content\/uploads\/2025\/06\/Localizaciones.png 310w, https:\/\/puertoreal.es\/webs\/edificiosyportadas\/wp-content\/uploads\/2025\/06\/Localizaciones-300x83.png 300w\" sizes=\"(max-width: 310px) 100vw, 310px\" \/>\t\t\t\t\t\t\t\t\t\t\t\t\t\t\t<\/div>\n\t\t\t\t<\/div>\n\t\t\t\t<\/div>\n\t\t<div class=\"elementor-element elementor-element-465ac6d e-con-full e-flex e-con e-child\" data-id=\"465ac6d\" data-element_type=\"container\" data-e-type=\"container\">\n\t\t\t\t<div class=\"elementor-element elementor-element-3f7b19d elementor-widget__width-initial animated-fast elementor-invisible elementor-widget elementor-widget-shortcode\" data-id=\"3f7b19d\" data-element_type=\"widget\" data-e-type=\"widget\" data-settings=\"{&quot;_animation&quot;:&quot;fadeInRight&quot;,&quot;_animation_delay&quot;:300}\" data-widget_type=\"shortcode.default\">\n\t\t\t\t<div class=\"elementor-widget-container\">\n\t\t\t\t\t\t\t<div class=\"elementor-shortcode\">\n<style>\n\t#hotspot-7 .hotspots-image-container,\n\t#hotspot-7 .leaflet-container {\n\t\tbackground: #ddd6c3\t}\n\n\t#hotspot-7 .hotspots-placeholder {\n\t\tbackground: #ffffff;\n\t\tborder: 0 #ffffff solid;\n\t\tcolor: #603000;\n\t}\n\n\t#hotspot-7 .hotspot-title {\n\t\tcolor: #dd9933;\n\t}\n\n\t\t\t#hotspot-7 .hotspot-default {\n\t\t\tstroke-width: 2;\n\t\t\tfill: #ffffff;\n\t\t\tfill-opacity: 0;\n\t\t\tstroke: #ffffff;\n\t\t\tstroke-opacity: 0;\n\t\t}\n\t\t#hotspot-7 .hotspot-default:hover,\n\t\t#hotspot-7 .hotspot-default:focus-visible,\n\t\t#hotspot-7 .hotspot-default.hotspot-active {\n\t\t\tfill: #dd3333;\n\t\t\tfill-opacity: 0.41;\n\t\t\tstroke: #9e6022;\n\t\t\tstroke-opacity: 1.01;\n\t\t}\n\t\t#hotspot-7 .leaflet-tooltip,\n\t#hotspot-7 .leaflet-rrose-content-wrapper {\n\t\tbackground: #ffffff;\n\t\tborder-color: #ffffff;\n\t\tcolor: #603000;\n\t}\n\n\t#hotspot-7 a.leaflet-rrose-close-button {\n\t\tcolor: #dd9933;\n\t}\n\n\t#hotspot-7 .leaflet-rrose-tip {\n\t\tbackground: #ffffff;\n\t}\n\n\t#hotspot-7 .leaflet-popup-scrolled {\n\t\tborder-bottom-color: #603000;\n\t\tborder-top-color: #603000;\n\t}\n\n\t#hotspot-7 .leaflet-tooltip-top:before {\n\t\tborder-top-color: #ffffff;\n\t}\n\n\t#hotspot-7 .leaflet-tooltip-bottom:before {\n\t\tborder-bottom-color: #ffffff;\n\t}\n\t#hotspot-7 .leaflet-tooltip-left:before {\n\t\tborder-left-color: #ffffff;\n\t}\n\t#hotspot-7 .leaflet-tooltip-right:before {\n\t\tborder-right-color: #ffffff;\n\t}\n<\/style>\n\n\t\n\t<div class=\"hotspots-container links-only layout-left event-click\" id=\"hotspot-7\" data-layout=\"left\" data-trigger=\"click\">\n\t\t<div class=\"hotspots-interaction\">\n\t\t\t<div class=\"hotspots-image-container\">\n\t<img\n\t\twidth=\"1280\"\n\t\theight=\"888\"\n\t\tsrc=\"https:\/\/puertoreal.es\/webs\/edificiosyportadas\/wp-content\/uploads\/2025\/05\/Plano-principal-para-la-Web.jpg\"\n\t\talt=\"Plano\"\n\t\tclass=\"hotspots-image skip-lazy\"\n\t\tusemap=\"#hotspots-image-7\"\n\t\tdata-image-title=\"Plano\"\n\t\tdata-image-description=\"El Casco Hist\u00f3rico de Puerto Real es declarado Conjunto Hist\u00f3rico Art\u00edstico por Real Decreto 631\/1984 del Ministerio de Cultura, protegido como Bien de Inter\u00e9s Cultural e inscrito en el Cat\u00e1logo de Patrimonio Hist\u00f3rico de Andaluc\u00eda.\r\n\r\nA pesar de las muchas vicisitudes que nuestra villa ha sufrido a lo largo de su extensa vida, las reconstruciones llevadas a cabo sostuvieron los principios urbanisticos desde la fundaci\u00f3n por los Reyes Catolicos hasta nuetros d\u00edas, trazado en cuadr\u00edcula , calles \u201ctiradas a cordel\u201d que nos imprimen un encanto especial.\r\n\r\nPasear por nuestras calles, contemplar los edificios que nos rodean o volver a fijar la vista en elementos singulares de nuestro entorno, a trav\u00e9s de planos y fotograf\u00edas, es lo que pretendemos con esta nuevo recurso que hoy presentamos.\r\n\r\nTodos los planos utilizados comprenden las d\u00e9cadas de los 40 a los 60 del siglo pasado. Planos de fachadas fusionados con fotograf\u00edas de los a\u00f1os 80 y actuales, que nos permiten ver como el espacio urbano puede cambiar sin perder de vista nuestra esencia. Esto no es m\u00e1s que el comienzo del paseo.\"\n\t\tdata-event-trigger=\"click\"\n\t\tdata-always-visible=\"false\"\n\t\tdata-id=\"7\"\n\t\tdata-no-lazy=\"1\"\n\t\tdata-lazy-src=\"\"\n\t\tdata-lazy=\"false\"\n\t\tloading=\"eager\"\n\t\tdata-skip-lazy=\"1\"\n\t\t>\n<\/div>\t\t<\/div>\n\t\t<map name=\"hotspots-image-7\" class=\"hotspots-map\">\n\t\t\t\t\t\t\t\t\t\t\t<area\n\t\t\t\t\tshape=\"circle\"\n\t\t\t\t\tcoords=\"735,268,12\"\n\t\t\t\t\thref=\"https:\/\/puertoreal.es\/webs\/edificiosyportadas\/index.php\/2025\/05\/02\/calle-nueva-77\/\"\n\t\t\t\t\trel=\"\"\n\t\t\t\t\ttitle=\"Nueva, 77\"\n\t\t\t\t\talt=\"Nueva, 77\"\n\t\t\t\t\tdata-action=\"url\"\n\t\t\t\t\tdata-color-scheme=\"\"\n\t\t\t\t\ttarget=\"\"\n\t\t\t\t\tclass=\"url-area\"\n\t\t\t\t\t>\n\t\t\t\t\t\t\t\t\t\t\t<area\n\t\t\t\t\tshape=\"circle\"\n\t\t\t\t\tcoords=\"1002,354,12\"\n\t\t\t\t\thref=\"https:\/\/puertoreal.es\/webs\/edificiosyportadas\/index.php\/2025\/05\/06\/sagasta-esquina-teresa-de-calcuta\/\"\n\t\t\t\t\trel=\"\"\n\t\t\t\t\ttitle=\"Sagasta esquina Teresa de Calcuta\"\n\t\t\t\t\talt=\"Sagasta esquina Teresa de Calcuta\"\n\t\t\t\t\tdata-action=\"url\"\n\t\t\t\t\tdata-color-scheme=\"\"\n\t\t\t\t\ttarget=\"\"\n\t\t\t\t\tclass=\"url-area\"\n\t\t\t\t\t>\n\t\t\t\t\t\t\t\t\t\t\t<area\n\t\t\t\t\tshape=\"circle\"\n\t\t\t\t\tcoords=\"735,427,12\"\n\t\t\t\t\thref=\"https:\/\/puertoreal.es\/webs\/edificiosyportadas\/index.php\/2025\/05\/12\/vaqueros-36\/\"\n\t\t\t\t\trel=\"\"\n\t\t\t\t\ttitle=\"Vaqueros, 36\"\n\t\t\t\t\talt=\"Vaqueros, 36\"\n\t\t\t\t\tdata-action=\"url\"\n\t\t\t\t\tdata-color-scheme=\"\"\n\t\t\t\t\ttarget=\"\"\n\t\t\t\t\tclass=\"url-area\"\n\t\t\t\t\t>\n\t\t\t\t\t\t\t\t\t\t\t<area\n\t\t\t\t\tshape=\"circle\"\n\t\t\t\t\tcoords=\"977,561,11\"\n\t\t\t\t\thref=\"https:\/\/puertoreal.es\/webs\/edificiosyportadas\/index.php\/2025\/05\/13\/de-la-plaza-esquina-san-francisco\/\"\n\t\t\t\t\trel=\"\"\n\t\t\t\t\ttitle=\"De la Plaza esquina San Francisco\"\n\t\t\t\t\talt=\"De la Plaza esquina San Francisco\"\n\t\t\t\t\tdata-action=\"url\"\n\t\t\t\t\tdata-color-scheme=\"\"\n\t\t\t\t\ttarget=\"\"\n\t\t\t\t\tclass=\"url-area\"\n\t\t\t\t\t>\n\t\t\t\t\t\t\t\t\t\t\t<area\n\t\t\t\t\tshape=\"circle\"\n\t\t\t\t\tcoords=\"959,398,10\"\n\t\t\t\t\thref=\"https:\/\/puertoreal.es\/webs\/edificiosyportadas\/index.php\/2025\/05\/13\/barragan-038\/\"\n\t\t\t\t\trel=\"\"\n\t\t\t\t\ttitle=\"Barrag\u00e1n, 38\"\n\t\t\t\t\talt=\"Barrag\u00e1n, 38\"\n\t\t\t\t\tdata-action=\"url\"\n\t\t\t\t\tdata-color-scheme=\"\"\n\t\t\t\t\ttarget=\"\"\n\t\t\t\t\tclass=\"url-area\"\n\t\t\t\t\t>\n\t\t\t\t\t\t\t\t\t\t\t<area\n\t\t\t\t\tshape=\"circle\"\n\t\t\t\t\tcoords=\"889,445,11\"\n\t\t\t\t\thref=\"https:\/\/puertoreal.es\/webs\/edificiosyportadas\/index.php\/2025\/05\/13\/real-73\/\"\n\t\t\t\t\trel=\"\"\n\t\t\t\t\ttitle=\"Real, 73\"\n\t\t\t\t\talt=\"Real, 73\"\n\t\t\t\t\tdata-action=\"url\"\n\t\t\t\t\tdata-color-scheme=\"\"\n\t\t\t\t\ttarget=\"\"\n\t\t\t\t\tclass=\"url-area\"\n\t\t\t\t\t>\n\t\t\t\t\t\t\t\t\t\t\t<area\n\t\t\t\t\tshape=\"circle\"\n\t\t\t\t\tcoords=\"714,487,11\"\n\t\t\t\t\thref=\"https:\/\/puertoreal.es\/webs\/edificiosyportadas\/index.php\/2025\/05\/13\/vaqueros-22\/\"\n\t\t\t\t\trel=\"\"\n\t\t\t\t\ttitle=\"Vaqueros, 22\"\n\t\t\t\t\talt=\"Vaqueros, 22\"\n\t\t\t\t\tdata-action=\"url\"\n\t\t\t\t\tdata-color-scheme=\"\"\n\t\t\t\t\ttarget=\"\"\n\t\t\t\t\tclass=\"url-area\"\n\t\t\t\t\t>\n\t\t\t\t\t\t\t\t\t\t\t<area\n\t\t\t\t\tshape=\"circle\"\n\t\t\t\t\tcoords=\"1018,398,12\"\n\t\t\t\t\thref=\"https:\/\/puertoreal.es\/webs\/edificiosyportadas\/index.php\/2025\/05\/13\/sagasta-52\/\"\n\t\t\t\t\trel=\"\"\n\t\t\t\t\ttitle=\"Sagasta, 52\"\n\t\t\t\t\talt=\"Sagasta, 52\"\n\t\t\t\t\tdata-action=\"url\"\n\t\t\t\t\tdata-color-scheme=\"\"\n\t\t\t\t\ttarget=\"\"\n\t\t\t\t\tclass=\"url-area\"\n\t\t\t\t\t>\n\t\t\t\t\t\t\t\t\t\t\t<area\n\t\t\t\t\tshape=\"circle\"\n\t\t\t\t\tcoords=\"703,590,11\"\n\t\t\t\t\thref=\"https:\/\/puertoreal.es\/webs\/edificiosyportadas\/index.php\/2025\/05\/13\/ancha-1\/\"\n\t\t\t\t\trel=\"\"\n\t\t\t\t\ttitle=\"Ancha, 1\"\n\t\t\t\t\talt=\"Ancha, 1\"\n\t\t\t\t\tdata-action=\"url\"\n\t\t\t\t\tdata-color-scheme=\"\"\n\t\t\t\t\ttarget=\"\"\n\t\t\t\t\tclass=\"url-area\"\n\t\t\t\t\t>\n\t\t\t\t\t\t\t\t\t\t\t<area\n\t\t\t\t\tshape=\"circle\"\n\t\t\t\t\tcoords=\"710,563,12\"\n\t\t\t\t\thref=\"https:\/\/puertoreal.es\/webs\/edificiosyportadas\/index.php\/2025\/05\/13\/ancha-5\/\"\n\t\t\t\t\trel=\"\"\n\t\t\t\t\ttitle=\"Ancha, 5\"\n\t\t\t\t\talt=\"Ancha, 5\"\n\t\t\t\t\tdata-action=\"url\"\n\t\t\t\t\tdata-color-scheme=\"\"\n\t\t\t\t\ttarget=\"\"\n\t\t\t\t\tclass=\"url-area\"\n\t\t\t\t\t>\n\t\t\t\t\t\t\t\t\t\t\t<area\n\t\t\t\t\tshape=\"circle\"\n\t\t\t\t\tcoords=\"743,487,11\"\n\t\t\t\t\thref=\"https:\/\/puertoreal.es\/webs\/edificiosyportadas\/index.php\/2025\/05\/13\/ancha-19\/\"\n\t\t\t\t\trel=\"\"\n\t\t\t\t\ttitle=\"Ancha, 19\"\n\t\t\t\t\talt=\"Ancha, 19\"\n\t\t\t\t\tdata-action=\"url\"\n\t\t\t\t\tdata-color-scheme=\"\"\n\t\t\t\t\ttarget=\"\"\n\t\t\t\t\tclass=\"url-area\"\n\t\t\t\t\t>\n\t\t\t\t\t\t\t\t\t\t\t<area\n\t\t\t\t\tshape=\"circle\"\n\t\t\t\t\tcoords=\"803,387,11\"\n\t\t\t\t\thref=\"https:\/\/puertoreal.es\/webs\/edificiosyportadas\/index.php\/2025\/05\/13\/ancha-54\/\"\n\t\t\t\t\trel=\"\"\n\t\t\t\t\ttitle=\"Ancha, 54\"\n\t\t\t\t\talt=\"Ancha, 54\"\n\t\t\t\t\tdata-action=\"url\"\n\t\t\t\t\tdata-color-scheme=\"\"\n\t\t\t\t\ttarget=\"\"\n\t\t\t\t\tclass=\"url-area\"\n\t\t\t\t\t>\n\t\t\t\t\t\t\t\t\t\t\t<area\n\t\t\t\t\tshape=\"circle\"\n\t\t\t\t\tcoords=\"726,394,11\"\n\t\t\t\t\thref=\"https:\/\/puertoreal.es\/webs\/edificiosyportadas\/index.php\/2025\/05\/14\/vaqueros-43\/\"\n\t\t\t\t\trel=\"\"\n\t\t\t\t\ttitle=\"Vaqueros, 43\"\n\t\t\t\t\talt=\"Vaqueros, 43\"\n\t\t\t\t\tdata-action=\"url\"\n\t\t\t\t\tdata-color-scheme=\"\"\n\t\t\t\t\ttarget=\"\"\n\t\t\t\t\tclass=\"url-area\"\n\t\t\t\t\t>\n\t\t\t\t\t\t\t\t\t\t\t<area\n\t\t\t\t\tshape=\"circle\"\n\t\t\t\t\tcoords=\"835,504,11\"\n\t\t\t\t\thref=\"https:\/\/puertoreal.es\/webs\/edificiosyportadas\/index.php\/2025\/05\/14\/cruz-verde-esquina-de-la-plaza\/\"\n\t\t\t\t\trel=\"\"\n\t\t\t\t\ttitle=\"Cruz Verde esquina De La Plaza\"\n\t\t\t\t\talt=\"Cruz Verde esquina De La Plaza\"\n\t\t\t\t\tdata-action=\"url\"\n\t\t\t\t\tdata-color-scheme=\"\"\n\t\t\t\t\ttarget=\"\"\n\t\t\t\t\tclass=\"url-area\"\n\t\t\t\t\t>\n\t\t\t\t\t\t\t\t\t\t\t<area\n\t\t\t\t\tshape=\"circle\"\n\t\t\t\t\tcoords=\"805,594,12\"\n\t\t\t\t\thref=\"https:\/\/puertoreal.es\/webs\/edificiosyportadas\/index.php\/2025\/05\/14\/cruz-verde-esquina-amargura\/\"\n\t\t\t\t\trel=\"\"\n\t\t\t\t\ttitle=\"Cruz Verde esquina Amargura\"\n\t\t\t\t\talt=\"Cruz Verde esquina Amargura\"\n\t\t\t\t\tdata-action=\"url\"\n\t\t\t\t\tdata-color-scheme=\"\"\n\t\t\t\t\ttarget=\"\"\n\t\t\t\t\tclass=\"url-area\"\n\t\t\t\t\t>\n\t\t\t\t\t\t\t\t\t\t\t<area\n\t\t\t\t\tshape=\"circle\"\n\t\t\t\t\tcoords=\"928,543,12\"\n\t\t\t\t\thref=\"https:\/\/puertoreal.es\/webs\/edificiosyportadas\/index.php\/2025\/05\/15\/sagasta-23-25\/\"\n\t\t\t\t\trel=\"\"\n\t\t\t\t\ttitle=\"Sagasta, 23-25\"\n\t\t\t\t\talt=\"Sagasta, 23-25\"\n\t\t\t\t\tdata-action=\"url\"\n\t\t\t\t\tdata-color-scheme=\"\"\n\t\t\t\t\ttarget=\"\"\n\t\t\t\t\tclass=\"url-area\"\n\t\t\t\t\t>\n\t\t\t\t\t\t\t\t\t\t\t<area\n\t\t\t\t\tshape=\"circle\"\n\t\t\t\t\tcoords=\"915,574,12\"\n\t\t\t\t\thref=\"https:\/\/puertoreal.es\/webs\/edificiosyportadas\/index.php\/2025\/05\/15\/sagasta-33\/\"\n\t\t\t\t\trel=\"\"\n\t\t\t\t\ttitle=\"Sagasta, 33\"\n\t\t\t\t\talt=\"Sagasta, 33\"\n\t\t\t\t\tdata-action=\"url\"\n\t\t\t\t\tdata-color-scheme=\"\"\n\t\t\t\t\ttarget=\"\"\n\t\t\t\t\tclass=\"url-area\"\n\t\t\t\t\t>\n\t\t\t\t\t\t\t\t\t\t\t<area\n\t\t\t\t\tshape=\"circle\"\n\t\t\t\t\tcoords=\"775,544,11\"\n\t\t\t\t\thref=\"https:\/\/puertoreal.es\/webs\/edificiosyportadas\/index.php\/2025\/05\/15\/palma-11\/\"\n\t\t\t\t\trel=\"\"\n\t\t\t\t\ttitle=\"Palma, 11\"\n\t\t\t\t\talt=\"Palma, 11\"\n\t\t\t\t\tdata-action=\"url\"\n\t\t\t\t\tdata-color-scheme=\"\"\n\t\t\t\t\ttarget=\"\"\n\t\t\t\t\tclass=\"url-area\"\n\t\t\t\t\t>\n\t\t\t\t\t\t\t\t\t\t\t<area\n\t\t\t\t\tshape=\"circle\"\n\t\t\t\t\tcoords=\"764,599,11\"\n\t\t\t\t\thref=\"https:\/\/puertoreal.es\/webs\/edificiosyportadas\/index.php\/2025\/05\/15\/palma-1\/\"\n\t\t\t\t\trel=\"\"\n\t\t\t\t\ttitle=\"Palma, 1\"\n\t\t\t\t\talt=\"Palma, 1\"\n\t\t\t\t\tdata-action=\"url\"\n\t\t\t\t\tdata-color-scheme=\"\"\n\t\t\t\t\ttarget=\"\"\n\t\t\t\t\tclass=\"url-area\"\n\t\t\t\t\t>\n\t\t\t\t\t\t\t\t\t\t\t<area\n\t\t\t\t\tshape=\"circle\"\n\t\t\t\t\tcoords=\"811,491,11\"\n\t\t\t\t\thref=\"https:\/\/puertoreal.es\/webs\/edificiosyportadas\/index.php\/2025\/05\/15\/de-la-plaza-esquina-palma\/\"\n\t\t\t\t\trel=\"\"\n\t\t\t\t\ttitle=\"De la Plaza esquina Palma\"\n\t\t\t\t\talt=\"De la Plaza esquina Palma\"\n\t\t\t\t\tdata-action=\"url\"\n\t\t\t\t\tdata-color-scheme=\"\"\n\t\t\t\t\ttarget=\"\"\n\t\t\t\t\tclass=\"url-area\"\n\t\t\t\t\t>\n\t\t\t\t\t\t\t\t\t\t\t<area\n\t\t\t\t\tshape=\"circle\"\n\t\t\t\t\tcoords=\"644,414,11\"\n\t\t\t\t\thref=\"https:\/\/puertoreal.es\/webs\/edificiosyportadas\/index.php\/2025\/05\/15\/de-la-plaza-desde-nueva\/\"\n\t\t\t\t\trel=\"\"\n\t\t\t\t\ttitle=\"De La Plaza desde Nueva\"\n\t\t\t\t\talt=\"De La Plaza desde Nueva\"\n\t\t\t\t\tdata-action=\"url\"\n\t\t\t\t\tdata-color-scheme=\"\"\n\t\t\t\t\ttarget=\"\"\n\t\t\t\t\tclass=\"url-area\"\n\t\t\t\t\t>\n\t\t\t\t\t\t\t\t\t\t\t<area\n\t\t\t\t\tshape=\"circle\"\n\t\t\t\t\tcoords=\"755,395,11\"\n\t\t\t\t\thref=\"https:\/\/puertoreal.es\/webs\/edificiosyportadas\/index.php\/2025\/05\/15\/real-107-109\/\"\n\t\t\t\t\trel=\"\"\n\t\t\t\t\ttitle=\"Real, 107-109\"\n\t\t\t\t\talt=\"Real, 107-109\"\n\t\t\t\t\tdata-action=\"url\"\n\t\t\t\t\tdata-color-scheme=\"\"\n\t\t\t\t\ttarget=\"\"\n\t\t\t\t\tclass=\"url-area\"\n\t\t\t\t\t>\n\t\t\t\t\t\t\t\t\t\t\t<area\n\t\t\t\t\tshape=\"circle\"\n\t\t\t\t\tcoords=\"1055,353,11\"\n\t\t\t\t\thref=\"https:\/\/puertoreal.es\/webs\/edificiosyportadas\/index.php\/2025\/05\/15\/teresa-de-calcuta-10\/\"\n\t\t\t\t\trel=\"\"\n\t\t\t\t\ttitle=\"Teresa de Calcuta, 10\"\n\t\t\t\t\talt=\"Teresa de Calcuta, 10\"\n\t\t\t\t\tdata-action=\"url\"\n\t\t\t\t\tdata-color-scheme=\"\"\n\t\t\t\t\ttarget=\"\"\n\t\t\t\t\tclass=\"url-area\"\n\t\t\t\t\t>\n\t\t\t\t\t\t\t\t\t\t\t<area\n\t\t\t\t\tshape=\"circle\"\n\t\t\t\t\tcoords=\"1030,367,11\"\n\t\t\t\t\thref=\"https:\/\/puertoreal.es\/webs\/edificiosyportadas\/index.php\/2025\/05\/15\/teresa-de-calcuta-13\/\"\n\t\t\t\t\trel=\"\"\n\t\t\t\t\ttitle=\"Teresa de Calcuta, 13\"\n\t\t\t\t\talt=\"Teresa de Calcuta, 13\"\n\t\t\t\t\tdata-action=\"url\"\n\t\t\t\t\tdata-color-scheme=\"\"\n\t\t\t\t\ttarget=\"\"\n\t\t\t\t\tclass=\"url-area\"\n\t\t\t\t\t>\n\t\t\t\t\t\t\t\t\t\t\t<area\n\t\t\t\t\tshape=\"circle\"\n\t\t\t\t\tcoords=\"473,284,11\"\n\t\t\t\t\thref=\"https:\/\/puertoreal.es\/webs\/edificiosyportadas\/index.php\/2025\/05\/27\/real-169\/\"\n\t\t\t\t\trel=\"\"\n\t\t\t\t\ttitle=\"Real, 169\"\n\t\t\t\t\talt=\"Real, 169\"\n\t\t\t\t\tdata-action=\"url\"\n\t\t\t\t\tdata-color-scheme=\"\"\n\t\t\t\t\ttarget=\"\"\n\t\t\t\t\tclass=\"url-area\"\n\t\t\t\t\t>\n\t\t\t\t\t<\/map>\n\n\t\t\n\t\t\t\t\t\t\t\t\t\t\t\t\t\t\t\t\t\t\t\t\t\t\t\t\t\t\t\t\t\t\t\t\t\t\t\t\t\t\t\t\t\t\t\t\t\t\t\t\t\t\t\t\t\t\t\t\t\t\t\t\t\t\t\t\t\t\t\t\t\t\t\t\t\t\t\t\t\t<\/div>\n\n<\/div>\n\t\t\t\t\t\t<\/div>\n\t\t\t\t<\/div>\n\t\t\t\t<\/div>\n\t\t\t\t<\/div>\n\t\t\t\t\t<\/div>\n\t\t\t\t<\/div>\n\t\t\t\t<\/div>\n\t\t","protected":false},"excerpt":{"rendered":"<p>El Casco Hist\u00f3rico de Puerto Real es declarado Conjunto Hist\u00f3rico Art\u00edstico por Real Decreto 631\/1984 del Ministerio de Cultura, protegido como Bien de Inter\u00e9s Cultural e inscrito en el Cat\u00e1logo de Patrimonio Hist\u00f3rico de Andaluc\u00eda. A pesar de las muchas vicisitudes que nuestra villa ha sufrido a lo largo de su extensa vida, las reconstrucciones [&hellip;]<\/p>\n","protected":false},"author":1,"featured_media":0,"parent":0,"menu_order":0,"comment_status":"closed","ping_status":"closed","template":"","meta":{"site-sidebar-layout":"no-sidebar","site-content-layout":"","ast-site-content-layout":"full-width-container","site-content-style":"default","site-sidebar-style":"default","ast-global-header-display":"","ast-banner-title-visibility":"","ast-main-header-display":"","ast-hfb-above-header-display":"","ast-hfb-below-header-display":"","ast-hfb-mobile-header-display":"","site-post-title":"disabled","ast-breadcrumbs-content":"","ast-featured-img":"disabled","footer-sml-layout":"","ast-disable-related-posts":"","theme-transparent-header-meta":"","adv-header-id-meta":"","stick-header-meta":"","header-above-stick-meta":"","header-main-stick-meta":"","header-below-stick-meta":"","astra-migrate-meta-layouts":"default","ast-page-background-enabled":"default","ast-page-background-meta":{"desktop":{"background-color":"var(--ast-global-color-5)","background-image":"","background-repeat":"repeat","background-position":"center center","background-size":"auto","background-attachment":"scroll","background-type":"","background-media":"","overlay-type":"","overlay-color":"","overlay-opacity":"","overlay-gradient":""},"tablet":{"background-color":"","background-image":"","background-repeat":"repeat","background-position":"center center","background-size":"auto","background-attachment":"scroll","background-type":"","background-media":"","overlay-type":"","overlay-color":"","overlay-opacity":"","overlay-gradient":""},"mobile":{"background-color":"","background-image":"","background-repeat":"repeat","background-position":"center center","background-size":"auto","background-attachment":"scroll","background-type":"","background-media":"","overlay-type":"","overlay-color":"","overlay-opacity":"","overlay-gradient":""}},"ast-content-background-meta":{"desktop":{"background-color":"var(--ast-global-color-4)","background-image":"","background-repeat":"repeat","background-position":"center center","background-size":"auto","background-attachment":"scroll","background-type":"","background-media":"","overlay-type":"","overlay-color":"","overlay-opacity":"","overlay-gradient":""},"tablet":{"background-color":"var(--ast-global-color-4)","background-image":"","background-repeat":"repeat","background-position":"center center","background-size":"auto","background-attachment":"scroll","background-type":"","background-media":"","overlay-type":"","overlay-color":"","overlay-opacity":"","overlay-gradient":""},"mobile":{"background-color":"var(--ast-global-color-4)","background-image":"","background-repeat":"repeat","background-position":"center center","background-size":"auto","background-attachment":"scroll","background-type":"","background-media":"","overlay-type":"","overlay-color":"","overlay-opacity":"","overlay-gradient":""}},"footnotes":""},"class_list":["post-725","page","type-page","status-publish","hentry"],"_links":{"self":[{"href":"https:\/\/puertoreal.es\/webs\/edificiosyportadas\/index.php\/wp-json\/wp\/v2\/pages\/725","targetHints":{"allow":["GET"]}}],"collection":[{"href":"https:\/\/puertoreal.es\/webs\/edificiosyportadas\/index.php\/wp-json\/wp\/v2\/pages"}],"about":[{"href":"https:\/\/puertoreal.es\/webs\/edificiosyportadas\/index.php\/wp-json\/wp\/v2\/types\/page"}],"author":[{"embeddable":true,"href":"https:\/\/puertoreal.es\/webs\/edificiosyportadas\/index.php\/wp-json\/wp\/v2\/users\/1"}],"replies":[{"embeddable":true,"href":"https:\/\/puertoreal.es\/webs\/edificiosyportadas\/index.php\/wp-json\/wp\/v2\/comments?post=725"}],"version-history":[{"count":38,"href":"https:\/\/puertoreal.es\/webs\/edificiosyportadas\/index.php\/wp-json\/wp\/v2\/pages\/725\/revisions"}],"predecessor-version":[{"id":796,"href":"https:\/\/puertoreal.es\/webs\/edificiosyportadas\/index.php\/wp-json\/wp\/v2\/pages\/725\/revisions\/796"}],"wp:attachment":[{"href":"https:\/\/puertoreal.es\/webs\/edificiosyportadas\/index.php\/wp-json\/wp\/v2\/media?parent=725"}],"curies":[{"name":"wp","href":"https:\/\/api.w.org\/{rel}","templated":true}]}}